{"id":120,"date":"2024-02-15T13:41:13","date_gmt":"2024-02-15T13:41:13","guid":{"rendered":"https:\/\/futureprojekts.org\/klimaschutz\/?page_id=120"},"modified":"2024-03-05T14:20:02","modified_gmt":"2024-03-05T14:20:02","slug":"links","status":"publish","type":"page","link":"https:\/\/futureprojekts.org\/klimaschutz\/index.php\/links\/","title":{"rendered":"Linkliste"},"content":{"rendered":"<figure style=\"width: 211px\" class=\"wp-caption alignnone\"><img loading=\"lazy\" decoding=\"async\" class=\"size-medium\" src=\"https:\/\/tatendrang.4ftr.eu\/projekte\/wp-content\/uploads\/2023\/01\/4-brosch_projektwerkstaetten-TU-1985-2002-211x300.jpg\" alt=\"Projektwerkst\u00e4tten Brosch\u00fcren TU Berlin 1985 - 2002\" width=\"211\" height=\"300\" \/><figcaption class=\"wp-caption-text\">Projektwerkst\u00e4tten Brosch\u00fcren TU Berlin 1985 &#8211; 2002<\/figcaption><\/figure>\n<h2>Links zu &#8220;Lernen durch Engagement&#8221;,\u00a0 &#8220;<a href=\"https:\/\/de.wikipedia.org\/wiki\/Forschendes_Lernen\" target=\"_blank\" rel=\"noopener\">Forschendem Lernen<\/a>&#8221; und studentisch selbstorganisierter Lehre, Forschung und Entwicklung<\/h2>\n<ol>\n<li><a href=\"https:\/\/tatendrang.4ftr.eu\/projekte\/projektwerkstaetten\" target=\"_blank\" rel=\"noopener\"><strong>Projektwerkst\u00e4tten 1985-2002 an der TU Berlin<\/strong><\/a><\/li>\n<li><a href=\"https:\/\/www.tu.berlin\/zewk\/arbeitsbereiche\/kooperations-und-beratungsstelle-fuer-umweltfragen\/projektwerkstaetten\" target=\"_blank\" rel=\"noopener\"><strong>aktuelle Infos TU Berlin Projektwerkst\u00e4tten<\/strong><\/a><\/li>\n<li><a href=\"https:\/\/www.hnee.de\/de\/Studium\/Infos-zum-Studium\/Fr-Studierende\/Projektwerksttten\/Projektwerksttten-Lehre-von-Studis-fr-Studis-K4908.htm\" target=\"_blank\" rel=\"noopener\"><strong>HNEE Projektwerkst\u00e4tten Hochschule f\u00fcr Nachhaltige Entwicklung Eberswalde<\/strong><\/a><\/li>\n<li><a href=\"https:\/\/de.wikipedia.org\/wiki\/Service_Learning#Service_Learning_an_Hochschulen\" target=\"_blank\" rel=\"noopener\"><strong>Service Learning &#8220;Lernen durch Engagement&#8221; (Wikipedia)<\/strong><\/a><\/li>\n<li><strong><a href=\"https:\/\/energieseminar.de\/ueber-uns\" target=\"_blank\" rel=\"noopener\">Studentisches Energieseminar an der TU Berlin seit 1980<\/a> <\/strong><\/li>\n<li><a href=\"https:\/\/www.hu-berlin.de\/de\/studium\/reform\/projekttutorien\" target=\"_blank\" rel=\"noopener\"><strong>HU Berlin Projekttutorien<\/strong><\/a><\/li>\n<li><a href=\"https:\/\/klasseklima.org\" target=\"_blank\" rel=\"noopener\"><strong>KlasseKlima.org @ UdK Berlin<\/strong><\/a><\/li>\n<li><a href=\"https:\/\/www.berlin-university-alliance.de\/commitments\/teaching-learning\/sturop\/index.html\" target=\"_blank\" rel=\"noopener\"><strong>X-Tutorials Berlin-University-Alliance<\/strong><\/a><\/li>\n<li><a href=\"https:\/\/www.asta.tu-darmstadt.de\/de\/tutorien\" target=\"_blank\" rel=\"noopener\"><strong>Autonome Tutorien TU Darmstadt\u00a0<\/strong> <\/a><\/li>\n<li><a href=\"https:\/\/asta-frankfurt.de\/mitmachen\/alternatives-vorlesungsverzeichnis\/alle-autonomen-tutorien\" target=\"_blank\" rel=\"noopener\"><strong>Autonome Tutorien Uni Frankfurt a.M. <\/strong><\/a><\/li>\n<li><a href=\"https:\/\/asta.uni-paderborn.de\/service\/avv\" target=\"_blank\" rel=\"noopener\"><strong>AVV Alternatives VorlesungsVerzeichnis Uni Paderborn<\/strong><\/a><\/li>\n<li><strong><a href=\"https:\/\/www.instagram.com\/einleuchtend.htw\" target=\"_blank\" rel=\"noopener\">Einleuchtend e.V. HTW Berlin (Instagram)<\/a><\/strong><\/li>\n<li><strong>&#8230;<\/strong><\/li>\n<\/ol>\n","protected":false},"excerpt":{"rendered":"<p>Links zu &#8220;Lernen durch Engagement&#8221;,\u00a0 &#8220;Forschendem Lernen&#8221; und studentisch selbstorganisierter Lehre, Forschung und Entwicklung Projektwerkst\u00e4tten 1985-2002 an der TU Berlin aktuelle Infos TU Berlin Projektwerkst\u00e4tten HNEE Projektwerkst\u00e4tten Hochschule f\u00fcr Nachhaltige Entwicklung Eberswalde Service Learning &#8220;Lernen durch Engagement&#8221; (Wikipedia) Studentisches Energieseminar an der TU Berlin seit 1980 HU Berlin Projekttutorien KlasseKlima.org @ UdK Berlin X-Tutorials Berlin-University-Alliance &hellip; <a href=\"https:\/\/futureprojekts.org\/klimaschutz\/index.php\/links\/\" class=\"more-link\">Continue reading <span class=\"screen-reader-text\">Linkliste<\/span> <span class=\"meta-nav\">&rarr;<\/span><\/a><\/p>\n","protected":false},"author":1,"featured_media":0,"parent":0,"menu_order":0,"comment_status":"closed","ping_status":"closed","template":"","meta":{"footnotes":""},"_links":{"self":[{"href":"https:\/\/futureprojekts.org\/klimaschutz\/index.php\/wp-json\/wp\/v2\/pages\/120"}],"collection":[{"href":"https:\/\/futureprojekts.org\/klimaschutz\/index.php\/wp-json\/wp\/v2\/pages"}],"about":[{"href":"https:\/\/futureprojekts.org\/klimaschutz\/index.php\/wp-json\/wp\/v2\/types\/page"}],"author":[{"embeddable":true,"href":"https:\/\/futureprojekts.org\/klimaschutz\/index.php\/wp-json\/wp\/v2\/users\/1"}],"replies":[{"embeddable":true,"href":"https:\/\/futureprojekts.org\/klimaschutz\/index.php\/wp-json\/wp\/v2\/comments?post=120"}],"version-history":[{"count":8,"href":"https:\/\/futureprojekts.org\/klimaschutz\/index.php\/wp-json\/wp\/v2\/pages\/120\/revisions"}],"predecessor-version":[{"id":133,"href":"https:\/\/futureprojekts.org\/klimaschutz\/index.php\/wp-json\/wp\/v2\/pages\/120\/revisions\/133"}],"wp:attachment":[{"href":"https:\/\/futureprojekts.org\/klimaschutz\/index.php\/wp-json\/wp\/v2\/media?parent=120"}],"curies":[{"name":"wp","href":"https:\/\/api.w.org\/{rel}","templated":true}]}}